posite?
False
Let b(x) = -x**3 + 5*x**2 + x + 5. Let u be b(6). Let g = -84 - -45. Let y = u - g. Is y a composite number?
True
Let f(h) = -h**2 - h + 25. Let u be f(0). Let p = 59 - u. Suppose x - 25 = -x - m, -3*x - 5*m + p = 0. Is x a composite number?
False
Let g(f) = 6*f - 1. Suppose y = 3*b - y + 5, b - 4*y + 15 = 0. Let w be g(b). Suppose 4*p - 741 = -w*i, -i - 2*i = -3*p - 450. Is i a composite number?
False
Let x(v) = 36*v + 3. Is x(3) prime?
False
Suppose 4*p = -p + 10. Suppose p*x - 29 = -1. Is x prime?
False
Let c = 9 - 6. Let t = -3 + c. Let f(o) = o**2 + 23. Is f(t) a composite number?
False
Suppose 4*q = -0*q + 2*m + 58, -53 = -4*q + m. Let j be 16/(-6)*q/(-8). Suppose j*h - 102 - 230 = 0. Is h a composite number?
False
Let z = 397 - 236. Is z a prime number?
False
Suppose -5 = -d + 3. Suppose -5*w + d*w - 291 = 0. Is w a prime number?
True
Let c(d) = -d**3 - 4*d**2 + 7*d + 12. Let f be c(-5). Suppose -f*n - n + 78 = 0. Is n a composite number?
True
Is (-918)/(-12)*(-4)/(-6) a prime number?
False
Let j(b) = 524*b**2 - 4*b - 3. Is j(-2) a composite number?
True
Let a be (1*3)/((-6)/4). Is (-13)/26 + (-143)/a prime?
True
Let g(c) = -37*c + 7. Is g(-4) prime?
False
Let v = 3 - 1. Suppose -v*o + 6*o - 628 = 0. Is o prime?
True
Suppose -2*c - c - 5*h - 14 = 0, -18 = c + 5*h. Suppose 0 = -c*l - 0*q + 2*q + 50, -5*l = -4*q - 123. Is l a composite number?
False
Let p = -11 - 5. Let w = p + 47. Is w composite?
False
Let d(o) be the first derivative of o**3/3 - o**2/2 + 3*o + 5. Is d(4) composite?
True
Let o = -551 - -1430. Is o a composite number?
True
Let w = -2 + 3. Is (0 - w - -2) + 298 prime?
False
Let n = 5 + -8. Let r(g) = -g**3 - 10*g**2 + 10*g + 13. Let q be r(-11). Let i = n + q. Is i a prime number?
False
Let b(a) = 12*a**2 + 5*a - 1. Is b(-5) a composite number?
True
Suppose -z = z. Let u be (z - -1)*(-1 - -2). Is (u - 2) + (-22)/(-1) a prime number?
False
Let d(u) = -u**3 + 7*u**2 - u + 10. Let k be d(7). Suppose -5*c = -m + 55, -3*c + 14 = -k*m + 35. Is (-2)/8 + (-171)/c composite?
True
Suppose 175 = -11*l + 6*l. Let q = 60 + l. Suppose z = 6*z + q, 2*z - 88 = -2*c. Is c a composite number?
True
Suppose 1053 = 8*w - 1723. Is w prime?
True
Let h(u) = 40*u**2 + 14*u - 13. Let t be h(9). Suppose -2*v + 2234 = -g, 0 = -6*v + 3*v + 2*g + t. Is v a prime number?
False
Suppose 5*j + 57 = 1012. Is j prime?
True
Let a = -181 + 264. Is a a prime number?
True
Let u be 6/4 - (-138)/4. Suppose 4*x = -5*q - 51, -109 + u = 5*x - 3*q. Is (-1362)/x - 4/14 composite?
False
Suppose 0 = -4*i - i + 1655. Is i a prime number?
True
Let g be 130*(1 - (-2 + 2)). Suppose 0 = 2*y - 240 - g. Is y a composite number?
True
Let c be 1 + (-2)/(-6)*3. Suppose -3*n = -c*m + 104, 0*n = -3*m + 3*n + 156. Suppose -4*l - m + 132 = 4*q, -l + 96 = 5*q. Is q a composite number?
False
Suppose 7*v = 32 + 227. Is v prime?
True
Let f be (4/6)/((-4)/(-30)). Suppose -5*r - 15 = -5*p, 23 = 4*p + 2*r + f. Suppose -2*y - 4 = 4, -2*a = p*y - 82. Is a prime?
False
Let q be ((-3)/(-1))/((-3)/(-74)). Suppose -s - s + q = 0. Is s a prime number?
True
Suppose -4*i = -4, -3*d + 3*i = 5*i - 569. Suppose 0 = n + 26 - d. Is n a prime number?
True
Let o = -214 - -937. Suppose o + 78 = 3*s. Is s composite?
True
Suppose 5*s - 19 = 246. Is s a prime number?
True
Suppose 3*b = b + n - 4, 8 = 2*n. Suppose -2*m + 768 = 4*z + 3*m, b = z + 3*m - 199. Is z a prime number?
False
Let n(v) = -v. Let q be n(1). Is q - (36*-1 - 2) prime?
True
Let w(u) = 7*u**2 - 3*u + 9. Is w(7) prime?
True
Let p = 3 - 3. Suppose p = -5*o + 2*o + 66. Is o prime?
False
Suppose -5*j + 2*j + 45 = 0. Suppose j = -3*u + y, 2*y = -2*y + 12. Let l(n) = -n**3 - 2*n**2 + 6*n + 6. Is l(u) a prime number?
False
Let o(t) = -t**3 + 2*t**2 + 3*t + 4. Let s be o(3). Is 2678/18 - s/(-18) prime?
True
Let d(k) = -36*k + 1. Let c be d(-1). Suppose 3*a = 4*p - 0*p + 32, -3*a + 5*p = -c. Let o(v) = 2*v**3 - 7*v**2 + 5*v + 3. Is o(a) a prime number?
False
Let f(q) = -9*q**2 + q - 3. Let m be f(3). Let r = m + 199. Is r composite?
True
Let f be (-4)/(-6) - (-11)/(-3). Let c(m) = -8*m**3 + 4*m**2 - 1. Is c(f) a prime number?
True
Suppose -5*n + 3*n = -194. Is n a composite number?
False
Let b(l) = -2*l**3 + 12*l**2 - l + 6. Is b(5) a composite number?
True
Let k(r) = -2*r**2 - r + 3. Let q(h) = -2*h**2 - h + 3. Let x(g) = -3*k(g) + 2*q(g). Is x(4) prime?
False
Let o be 12/8*(-4)/(-3). Let d(h) = h + 1. Let y(f) = -8*f**2 + 5*f + 3. Let g(w) = 5*d(w) - y(w). Is g(o) composite?
True
Let g = -601 - -942. Is g a prime number?
False
Let l = 310 - 119. Is l prime?
True
Let u(h) = 53*h**2. Suppose -5*n - 9 + 14 = 0. Is u(n) a prime number?
True
Let c(x) = 2*x**2 + x - 2. Suppose 7 = 3*i + h, -3*i + i + 4*h = 14. Suppose 0 = -4*y - 2*a + 11 + i, 5*y - 15 = -4*a. Is c(y) prime?
True
Let x be 10/((-5)/((-5)/2)). Suppose 3*h = -4*s + 3*s + 96, 0 = -x*h - 4*s + 167. Is h prime?
True
Suppose 4*z = -0 - 4. Is z/(-5) - (-496)/20 a composite number?
True
Let d = 118 - 59. Let k be 4/6*192/(-8). Let x = d + k. Is x prime?
True
Let s = 282 + -140. Suppose 0 = -5*a - 5*k + 18 + 297, 0 = -2*a + 2*k + s. Is a a prime number?
True
Let i = -345 + 820. Suppose 90 = -5*f + i. Is f prime?
False
Let k(a) = -a**3 - 2*a**2 + 4*a + 6. Let p be k(-7). Suppose 5*z - 412 - p = 0. Is z a composite number?
False
Suppose 4*z = 2*z + 260. Let o be ((-2)/(-4))/(1/(-90)). Let x = z + o. Is x composite?
True
Let f = 472 + -205. Suppose t + f = 2*t. Is t prime?
False
Let l(o) = -10*o - 6. Let s be (-26)/4 + (-1)/2. Let u be l(s). Suppose 4*k - 204 = u. Is k a composite number?
False
Let w be 2/(4/(-43))*-2. Let j = -24 + w. Suppose 4*u + 35 = 4*z + 147, -u + j = 2*z. Is u a composite number?
True
Let a be 30/25*(-5)/(-2). Suppose j - 1733 = -4*o, 0*j = -a*j + 15. Suppose -4*h + 436 = -o. Is h composite?
True
Suppose 5*a = 1896 + 1459. Is a a prime number?
False
Suppose -71 - 4 = -3*g. Is g composite?
True
Suppose 0 = -4*c + 2*n - 6, c + 19 = -0*c + 4*n. Let u = c + 0. Is 38*u*4/8 a composite number?
False
Let a be (-6)/(-4)*16/6. Suppose -443 = -j - 5*g + 67, 5*j = -a*g + 2487. Is -2 + (-2)/((-6)/j) composite?
False
Suppose 2*z = -z + 6. Suppose -2 = -z*g, 0 = 2*f + 2*f + 5*g - 901. Suppose -61 - f = -3*y. Is y composite?
True
Suppose n - 3*o = -0*o + 739, -2*n - o + 1506 = 0. Is n a prime number?
True
Is 82 + (0 - 0)/(-4) a prime number?
False
Suppose -5*z = 2*x + 54, -2*x - 21 = -3*z + 17. Let f = 25 + x. Is f a prime number?
True
Suppose 551 = s + 2*p, 3*s = -0*s + 2*p + 1621. Suppose 3*t - s = 2*x, 5*x - 9 = 6. Is t composite?
True
Let z(f) = f**2 - 1. Let a be z(-2). Let m be -158 + a/3 + 3. Is 0 + 2 - m/2 a prime number?
True
Let l be (-2)/(-13) - (-427)/13. Suppose 2*x - l = 37. Is x composite?
True
Suppose -2*k + 17 + 21 = 0. Is k*(0 - -1)*1 composite?
False
Let z = 21 - 15. Suppose -3*w = -4*b - 967, z*w + b = 3*w + 992. Is w a prime number?
False
Let d(b) be the second derivative of -89*b**3/2 - 6*b. Is d(-1) a prime number?
False
Let z = 266 + -129. Let n = 12 + z. Is n a prime number?
True
Suppose 2045 = 5*p - 3*w, 0*p - 2*p + 818 = 5*w. Is p prime?
True
Let g(x) = 28*x + 6. Is g(4) prime?
False
Let a = -1503 - -2762. Is a composite?
False
Suppose 5*w = 2*j - 27, -3*j + 3 = 4*w + 20. Suppose -4*t + j + 11 = 0. Suppose 58 - t = 5*k. Is k a prime number?
True
Let f be -2 + (-11)/(33/(-252)). Suppose 2*c + f = 3*u, u - 5*c = 4 + 6. Is 2028/u - (-6)/(-10) a prime number?
True
Suppose -5*i + 849 = -1376. Is i prime?
False
Let p(u) = -u**3 - 9*u**2 - 8*u + 1. Let d be p(-8). Is d - 1 - 298/(-2) a prime number?
True
Suppose 3*m - 3*x = -21, -5*m - x - 5 = -0. Let q be 2/3 + m/(-6). Is 38*(q/2 - 0) composite?
False
Let r = -60 - -106. Is -2*r*(-3)/6 composite?
True
Let c be 14/(-7) + (-33)/1. Let q = 54 + c. Is q composite?
False
Suppose 0 = 3*y + y + 224. Let h be (-1 - 2)*y/(-21). Is h*(-3)/3 + 1 a prime number?
False
Is 1 - (446 + -2)/(-3) composite?
False
Suppose 77 = -3*h + 998. Is h a prime number?
True
Let d be (-2)/6 - (-14)/(-3). Let m(w) = 45*w - 4. Let x(j) = 45*j - 3. Let f(s) = 5*m(s) - 6*x(s). Is f(d) a composite number?
False
Let m(v) = -v**2 + 9*v + 10. Let b be m(11). Let d(f) = -f**2 - 22*f + 7. Is d(b) prime?
True
Is (-3438)/(-18) + (-2 - -2) composit